{"id":76,"date":"2019-02-12T11:03:52","date_gmt":"2019-02-12T11:03:52","guid":{"rendered":"https:\/\/victorthemes.com\/themes\/exertion\/?page_id=76"},"modified":"2020-03-17T14:57:51","modified_gmt":"2020-03-17T13:57:51","slug":"about-us","status":"publish","type":"page","link":"https:\/\/zimtholz-design.de\/?page_id=76","title":{"rendered":"\u00dcber Zimtholz Design"},"content":{"rendered":"<p>[vc_row][vc_column]<div class=\"xrton-aboutus  xrton-aboutus-69e595c8de316\"><div class=\"container\"><div class=\"aboutus-wrap\"><div class=\"row align-items-center\"><div class=\"col-lg-6 order-lg-2\">\n                      <div class=\"about-image\">\n                        <img src=\"https:\/\/zimtholz-design.de\/wp-content\/uploads\/2019\/02\/Grundriss-Teenager-1.jpg\" alt=\"About Us\">\n                      <\/div>\n                    <\/div>\n                    <div class=\"col-lg-6 order-lg-1\">\n                      <div class=\"about-info\">\n                        <div class=\"section-title-wrap section-title-style-two\">\n                          <h2 class=\"section-title\">Zimtholz Design entwickelt R\u00e4ume - realisiert Tr\u00e4ume!<\/h2>\n                        <\/div>\n                        <p>Mit einem Auge f\u00fcrs Detail, viel Sorgfalt und Begeisterung sorgen wir daf\u00fcr, dass ihr Raumprojekt eine sch\u00f6ne und angenehme Erfahrung wird.<\/p>    \n                      <\/div>\n                    <\/div><\/div><\/div><div class=\"aboutus-wrap\"><div class=\"row align-items-center\"><div class=\"col-lg-6\">\n                      <div class=\"about-image\">\n                        <img src=\"https:\/\/zimtholz-design.de\/wp-content\/uploads\/2020\/03\/Lustre-parede-verde-scaled-e1584453427442.jpg\" alt=\"About Us\">\n                      <\/div>\n                    <\/div>\n                    <div class=\"col-lg-6\">\n                      <div class=\"about-info\">\n                        <div class=\"section-title-wrap section-title-style-two\">\n                          <h2 class=\"section-title\">Einf\u00fchlsames Z\u00fchoren<\/h2>\n                        <\/div>\n                        <p>Ihre Gedanken, Gr\u00fcnde und Gef\u00fchle zu dem Raum zu erfahren ist uns essentiell. Nur so k\u00f6nnen wir Ihre W\u00fcnsche sowie Ziele genauer verstehen und damit clevere und harmonische Design-L\u00f6sungen abgestimmt auf Ihre Bed\u00fcrfnisse erarbeiten.<\/p>    \n                      <\/div>\n                    <\/div><\/div><\/div><\/div><\/div>[\/vc_column][\/vc_row]<\/p>\n","protected":false},"excerpt":{"rendered":"[vc_row][vc_column][\/vc_column][\/vc_row]","protected":false},"author":1,"featured_media":0,"parent":0,"menu_order":0,"comment_status":"closed","ping_status":"closed","template":"","meta":[],"yoast_head":"<!-- This site is optimized with the Yoast SEO plugin v15.2 - https:\/\/yoast.com\/wordpress\/plugins\/seo\/ -->\n<title>\u00dcber Zimtholz Design - Zimtholz Design<\/title>\n<meta name=\"robots\" content=\"index, follow, max-snippet:-1, max-image-preview:large, max-video-preview:-1\" \/>\n<link rel=\"canonical\" href=\"https:\/\/zimtholz-design.de\/?page_id=76\" \/>\n<meta property=\"og:locale\" content=\"de_DE\" \/>\n<meta property=\"og:type\" content=\"article\" \/>\n<meta property=\"og:title\" content=\"\u00dcber Zimtholz Design - Zimtholz Design\" \/>\n<meta property=\"og:description\" content=\"[vc_row][vc_column][\/vc_column][\/vc_row]\" \/>\n<meta property=\"og:url\" content=\"https:\/\/zimtholz-design.de\/?page_id=76\" \/>\n<meta property=\"og:site_name\" content=\"Zimtholz Design\" \/>\n<meta property=\"article:modified_time\" content=\"2020-03-17T13:57:51+00:00\" \/>\n<meta name=\"twitter:card\" content=\"summary_large_image\" \/>\n<meta name=\"twitter:label1\" value=\"Written by\">\n\t<meta name=\"twitter:data1\" value=\"zimtholzadm\">\n\t<meta name=\"twitter:label2\" value=\"Est. reading time\">\n\t<meta name=\"twitter:data2\" value=\"1\u00a0Minute\">\n<script type=\"application\/ld+json\" class=\"yoast-schema-graph\">{\"@context\":\"https:\/\/schema.org\",\"@graph\":[{\"@type\":\"Organization\",\"@id\":\"https:\/\/zimtholz-design.de\/#organization\",\"name\":\"Zimtholz Design\",\"url\":\"https:\/\/zimtholz-design.de\/\",\"sameAs\":[\"https:\/\/www.instagram.com\/zimtholzdesign\/\",\"https:\/\/www.pinterest.de\/9da896618bb528ae279d38b8cba4c0\/\"],\"logo\":{\"@type\":\"ImageObject\",\"@id\":\"https:\/\/zimtholz-design.de\/#logo\",\"inLanguage\":\"de\",\"url\":\"https:\/\/zimtholz-design.de\/wp-content\/uploads\/2020\/02\/Zimtholz-sem-verde-e1582488994343.jpg\",\"width\":1014,\"height\":342,\"caption\":\"Zimtholz Design\"},\"image\":{\"@id\":\"https:\/\/zimtholz-design.de\/#logo\"}},{\"@type\":\"WebSite\",\"@id\":\"https:\/\/zimtholz-design.de\/#website\",\"url\":\"https:\/\/zimtholz-design.de\/\",\"name\":\"Zimtholz Design\",\"description\":\"Konzept   -   Raumgestaltung  - Dekor\",\"publisher\":{\"@id\":\"https:\/\/zimtholz-design.de\/#organization\"},\"potentialAction\":[{\"@type\":\"SearchAction\",\"target\":\"https:\/\/zimtholz-design.de\/?s={search_term_string}\",\"query-input\":\"required name=search_term_string\"}],\"inLanguage\":\"de\"},{\"@type\":\"WebPage\",\"@id\":\"https:\/\/zimtholz-design.de\/?page_id=76#webpage\",\"url\":\"https:\/\/zimtholz-design.de\/?page_id=76\",\"name\":\"\\u00dcber Zimtholz Design - Zimtholz Design\",\"isPartOf\":{\"@id\":\"https:\/\/zimtholz-design.de\/#website\"},\"datePublished\":\"2019-02-12T11:03:52+00:00\",\"dateModified\":\"2020-03-17T13:57:51+00:00\",\"inLanguage\":\"de\",\"potentialAction\":[{\"@type\":\"ReadAction\",\"target\":[\"https:\/\/zimtholz-design.de\/?page_id=76\"]}]}]}<\/script>\n<!-- \/ Yoast SEO plugin. -->","_links":{"self":[{"href":"https:\/\/zimtholz-design.de\/index.php?rest_route=\/wp\/v2\/pages\/76"}],"collection":[{"href":"https:\/\/zimtholz-design.de\/index.php?rest_route=\/wp\/v2\/pages"}],"about":[{"href":"https:\/\/zimtholz-design.de\/index.php?rest_route=\/wp\/v2\/types\/page"}],"author":[{"embeddable":true,"href":"https:\/\/zimtholz-design.de\/index.php?rest_route=\/wp\/v2\/users\/1"}],"replies":[{"embeddable":true,"href":"https:\/\/zimtholz-design.de\/index.php?rest_route=%2Fwp%2Fv2%2Fcomments&post=76"}],"version-history":[{"count":21,"href":"https:\/\/zimtholz-design.de\/index.php?rest_route=\/wp\/v2\/pages\/76\/revisions"}],"predecessor-version":[{"id":875,"href":"https:\/\/zimtholz-design.de\/index.php?rest_route=\/wp\/v2\/pages\/76\/revisions\/875"}],"wp:attachment":[{"href":"https:\/\/zimtholz-design.de\/index.php?rest_route=%2Fwp%2Fv2%2Fmedia&parent=76"}],"curies":[{"name":"wp","href":"https:\/\/api.w.org\/{rel}","templated":true}]}}